 and 112?
7
Suppose 14*h + 561 = 981. Calculate the greatest common factor of h and 96.
6
Suppose -23 = 3*l + 4. Let n(b) = -6*b - 39. Let p be n(l). What is the greatest common divisor of 15 and p?
15
Let n = -844 + 1775. Calculate the greatest common factor of n and 98.
49
Let r = 223 - 209. What is the greatest common divisor of 49 and r?
7
Suppose -7*f + 6*f = -35. Let o(w) = -w + 24. Let k be o(10). What is the greatest common factor of f and k?
7
Suppose n = -0 + 2. Suppose 2*u - 2*t + 124 = 28, -3*u = -5*t + 152. Let a = u + 46. Calculate the highest common divisor of a and n.
2
Let w be 15*(324/30)/6. Let o = -1 + 4. Suppose u = 2*y - 274, -4*u = -3*y - o*u + 409. Calculate the highest common divisor of w and y.
27
Let g(d) be the first derivative of 17*d**3/3 - 5*d**2/2 + 5*d - 8. Let h be g(2). Suppose -5*r + 19 = -16. Calculate the greatest common factor of r and h.
7
Let n(x) = -2*x. Let k be n(-3). Suppose 269*q = 53*q + 3240. What is the highest common divisor of q and k?
3
Let k(z) = 14*z**2 - 49*z - 93. Let b be k(-2). Calculate the highest common divisor of 2 and b.
1
Let w be (36/15)/((-8)/(-20)). Let l = 181 - 169. What is the greatest common factor of l and w?
6
Let n = 50 + -32. Let z be 18/(-4)*(-4 + 2)*14. Calculate the highest common factor of z and n.
18
Let u(b) = -b**2 + 10*b - 9. Let w be u(7). Suppose -6*o + w = -3*o. Suppose -20 = -m - o*m - 5*y, 2*y - 2 = 4*m. What is the greatest common factor of 4 and m?
1
Let t be 97/1 + 2 + -3. Suppose -2*d - 4*a + 1 = -15, 0 = -4*d + 3*a + 10. Suppose -f + d*f = t. What is the greatest common factor of f and 4?
4
Let w be (-27 + -23)*13/(-2). What is the greatest common divisor of w and 780?
65
Let q = -235 - -433. Let s(a) = a**2 - 2*a - 2. Let u(g) = -4*g**2 - g + 1. Let f be u(1). Let p be s(f). What is the greatest common divisor of q and p?
22
Let v be (6 + -12 + 5)/((-2)/20). What is the highest common divisor of 490 and v?
10
Suppose -32 = 2*n - n + p, 4*n = 2*p - 140. Let a = -28 - n. Calculate the greatest common divisor of a and 6.
6
Let c(i) = 4*i**2 + 14*i - 48. Let h be c(-8). Calculate the greatest common factor of h and 12.
12
Let u(g) = 5*g**2 + 5*g - 4. Let y be u(3). Suppose -5*l + 16 = -14. Let m be 4/2*21/l. Calculate the greatest common factor of m and y.
7
Let s = 4 - 0. Suppose s*g = -b + 8, 4*b = -b - 3*g + 57. What is the highest common divisor of b and 3?
3
Let p = -3166 + 3176. Let q be 1 - (2 - 31)/1. Calculate the greatest common divisor of q and p.
10
Let m = -76 - -137. Let o(t) = -17*t - 323. Let s be o(-17). Let h = s + m. What is the greatest common divisor of 3 and h?
3
Let r(j) = -2*j + 7. Let s be r(-4). Suppose -3*t = -24 + s. Calculate the greatest common factor of t and 3.
3
Let v be (-215)/344 - 2*(-3)/(-16). Suppose h + 67 = -0*h. Let p be (2 + -1)/v - h. What is the greatest common factor of 44 and p?
22
Let i be 12*((-6)/6 + (3 - -1)). What is the greatest common factor of 90 and i?
18
Let r be ((-54)/30)/(56/(-50) + 1). What is the greatest common divisor of r and 615?
15
Let k = 31 - 42. Let h = 39 - k. Calculate the highest common factor of h and 10.
10
Let p(u) = 15*u + 70. Let g be p(-1). What is the greatest common divisor of g and 20?
5
Let r(g) = g**2 + 3*g + 31. Let i be r(-10). Let w = i + 59. What is the highest common factor of 10 and w?
10
Suppose -5*x - 15 = 5*f, 0 = -7*f + 4*f - 2*x - 7. Let t be (1 - 0)*(6 - 5). Let d be f*t - (-14 - -1). What is the greatest common factor of d and 12?
12
Let d(y) = -y**3 + y**2 - 2*y + 64. Let v = 17 - 17. Let x be d(v). Let j be (-2)/7 - 1368/(-84). Calculate the greatest common factor of j and x.
16
Suppose 14208 = -37*a + 74*a. Calculate the greatest common divisor of 128 and a.
128
Suppose -2*o = -0*s - 3*s + 338, 0 = 2*s + 4*o - 204. What is the highest common factor of s and 275?
55
Suppose -5*c + c = 16, 3*b - 2*c = 17. Suppose 0 = x + 4, -56 = -t - 3*t - 3*x. Suppose 0 = -b*w + 31 + t. Calculate the greatest common factor of w and 8.
8
Let w = 2239 + -2207. What is the greatest common divisor of 560 and w?
16
Let d(x) = x**2 - x - 1. Let u be d(-2). Suppose 4*q - u = -1. Let f be (q - 0)*2 + -1. What is the greatest common factor of f and 3?
1
Let w(o) = 10*o**2 + 6*o - 11. Let q be w(-7). What is the highest common factor of 19 and q?
19
Suppose 21*s = 16*s + 280. Let v be (126/(-4))/(-9)*8. What is the highest common factor of s and v?
28
Let b = 1301 + -874. Calculate the highest common divisor of 49 and b.
7
Let b be 9/2 + 7/14. Suppose 105 = n - b*q, -2*q + 528 + 132 = 5*n. Calculate the greatest common divisor of 13 and n.
13
Let s = -20 - -10. Let k(g) = g**2 + 8*g - 6. Let h be k(s). Calculate the highest common divisor of 14 and h.
14
Let r be 2035/25 - 7/5. What is the greatest common factor of r and 360?
40
Let h(a) = 170*a - 12. Let t be h(1). What is the highest common divisor of 237 and t?
79
Let k = -42 - -122. What is the highest common factor of 60 and k?
20
Suppose 4*y - 5*y - 1378 = -5*c, c + y - 278 = 0. What is the highest common factor of c and 207?
69
Let k(v) = -3*v**2 + 49*v + 36. Let b be k(17). Suppose 4*t + 26 - 6 = 0. Let f be (-42)/t - 2/5. Calculate the highest common factor of f and b.
2
Suppose 5*t + 148 = 4*a + t, -4*a = t - 133. What is the highest common factor of 153 and a?
17
Let i be ((-54)/(-5))/(46/115). Let m(o) = -28*o - 2. Let u be m(-2). Suppose 2*v = -v + u. Calculate the highest common factor of v and i.
9
Let x(n) = n**2 + 12*n - 54. Let m be (-8)/((-3)/(3*-2)) - 0. Let a be x(m). What is the highest common factor of a and 70?
10
Let y(i) = 3*i**2 - 9*i - 33. Let q be y(-7). Let z = q - -175. What is the greatest common factor of 32 and z?
32
Suppose -4*q - 5*z + 30 = -7, 0 = -5*q - z + 62. Suppose 0 = 5*w + 3*l - 5*l - 203, -w + 51 = -3*l. Calculate the highest common factor of q and w.
13
Suppose 3*c - 84 = -c. Suppose -18*x + 15*x - c = 0. Let o = 14 + x. What is the greatest common divisor of o and 35?
7
Let v be (-86)/((-6)/3) - (10 - 10). What is the highest common divisor of 215 and v?
43
Let o(l) = -7*l**3 + 2*l**2 - 1. Let m be o(-1). Let a = m - 6. Let s be 5 + -2 + (-18)/9. Calculate the greatest common factor of s and a.
1
Let l = -73 - -73. Suppose -7*s = -l*s - 56. What is the greatest common divisor of s and 12?
4
Let s(l) = l**3 - 50*l**2 - 49*l - 52. Let x be s(51). What is the highest common divisor of x and 130?
10
Suppose -2*b + 25 = -2*v + 5, 3*v - 2*b + 28 = 0. Let l be -6*(-3)/(-9)*v. Calculate the greatest common divisor of 64 and l.
16
Let w = 5545 + -5529. Let d = -9 - -49. What is the greatest common divisor of d and w?
8
Let r be (-14)/2*40/(-70). Let n be 1 + 2/4*r. Suppose 3*f = 2*o + 49, -f - n*o = f - 24. Calculate the greatest common factor of f and 75.
15
Let h(c) = 97*c**2 + c. Let l be h(1). Let y = 84 + -82. Suppose -90 = -5*u - 0*f - 5*f, y*u = -f + 32. Calculate the highest common factor of u and l.
14
Suppose 16*g + 22 = 20*g + 2*m, -5*m = -2*g + 17. Calculate the greatest common divisor of 9 and g.
3
Let n(p) = -20*p - 8. Let t be n(-3). Calculate the greatest common factor of t and 117.
13
Let i(r) = r**3 + 10*r**2 - 2*r + 24. Let s be i(-10). What is the greatest common divisor of 16 and s?
4
Let a(w) = -3*w + 3 + 4*w - 1. Let c be a(7). Let q be -2 - ((-6 - -10) + -7). What is the greatest common factor of c and q?
1
Suppose -2*t = -10, 3*y = t + 3*t + 178. Calculate the highest common factor of 3102 and y.
66
Let a be ((-24)/14)/(4/(-14)). Suppose -a*c + 395 = 107. Calculate the highest common divisor of 12 and c.
12
Suppose 0 = -11*m + 196 - 1010. Let l = -31 - m. Calculate the highest common factor of l and 215.
43
Suppose 492 = j - 3*v, 2*v - 219 + 1203 = 2*j. Calculate the greatest common factor of j and 24.
12
Suppose -10 = -4*r + 3*r. Let c = -13 + 17. Suppose -c*b - b = -5, 2*b = 4*p - 18. Calculate the greatest common factor of p and r.
5
Suppose 4*x - x - 9 = 0. Let u(p) = p**2 + 0 + 1 - p - p**x + 1 + 1. Let q be u(-3). Calculate the highest common divisor of q and 6.
6
Let k(u) = -u**2 - 12*u - 15. Let d be k(-10). Suppose 0 = d*m - 159 + 49. Calculate the highest common divisor of m and 242.
22
Suppose 2 = -2*u + 3*u. Suppose 5*m = 2*d - d - 87, -81 = -d + u*m. Let 